{"id":1164,"date":"2023-05-19T15:43:09","date_gmt":"2023-05-19T13:43:09","guid":{"rendered":"https:\/\/portal.nacr.cz\/cro\/?page_id=1164"},"modified":"2023-08-15T16:00:45","modified_gmt":"2023-08-15T14:00:45","slug":"zakladni-archivni-pojmy","status":"publish","type":"page","link":"https:\/\/portal.nacr.cz\/cro\/zakladni-archivni-pojmy\/","title":{"rendered":"Z\u00e1kladn\u00ed archivn\u00ed pojmy"},"content":{"rendered":"\n<p class=\"has-text-align-right\"><a href=\"https:\/\/portal.nacr.cz\/cro\/pro-badatele\/\">&#8230; Archiv\u00e1lie na dosah &#8211; \u00favod<\/a><\/p>\n\n\n\n<p><strong>Archiv <\/strong>je instituce, kter\u00e1 slou\u017e\u00ed k ukl\u00e1d\u00e1n\u00ed archiv\u00e1li\u00ed a p\u00e9\u010di o n\u011b a kter\u00e1 disponuje akreditac\u00ed vydanou Ministerstvem vnitra nebo je z\u0159\u00edzena <a rel=\"noreferrer noopener\" href=\"https:\/\/www.zakonyprolidi.cz\/cs\/2004-499\" target=\"_blank\">z\u00e1konem \u010d. 499\/2004 Sb., o archivnictv\u00ed a spisov\u00e9 slu\u017eb\u011b a o zm\u011bn\u011b n\u011bkter\u00fdch z\u00e1kon\u016f<\/a>.<\/p>\n\n\n\n<p><strong>Archiv\u00e1lie<\/strong> jsou dokumenty, kter\u00e9 byly vzhledem k dob\u011b vzniku, obsahu, p\u016fvodu, vn\u011bj\u0161\u00edm znak\u016fm a trval\u00e9 hodnot\u011b dan\u00e9 politick\u00fdm, hospod\u00e1\u0159sk\u00fdm, pr\u00e1vn\u00edm, historick\u00fdm, kulturn\u00edm, v\u011bdeck\u00fdm nebo informa\u010dn\u00edm v\u00fdznamem vybr\u00e1ny ve ve\u0159ejn\u00e9m z\u00e1jmu k trval\u00e9mu uchov\u00e1n\u00ed a byly vzaty do evidence archiv\u00e1li\u00ed, tedy se staly sou\u010d\u00e1st\u00ed n\u00e1rodn\u00edho archivn\u00edho d\u011bdictv\u00ed.<\/p>\n\n\n\n<p id=\"archivni_soubory\"><strong>Archivn\u00ed soubory <\/strong>jsou z\u00e1kladn\u00ed eviden\u010dn\u00ed jednotkou v&nbsp;\u010desk\u00e9m archivnictv\u00ed. D\u011bl\u00ed se na&nbsp;<strong>archivn\u00ed fondy<\/strong> (vznikly v\u00fdb\u011brem z dokument\u016f p\u016fvodc\u016f) a&nbsp;<strong>archivn\u00ed sb\u00edrky<\/strong> (vznikly z\u00e1m\u011brnou sb\u00edrkotvornou \u010dinnost\u00ed bez&nbsp;ohledu na&nbsp;jejich p\u016fvodce). Mezi&nbsp;archivn\u00ed fondy pat\u0159\u00ed nap\u0159\u00edklad fondy jednotliv\u00fdch \u00fa\u0159ad\u016f, org\u00e1n\u016f ve\u0159ejn\u00e9 spr\u00e1vy, soud\u016f, firem, spolk\u016f a&nbsp;v\u00fdznamn\u00fdch osobnost\u00ed. P\u0159\u00edkladem archivn\u00edch sb\u00edrek mohou b\u00fdt sb\u00edrky matrik, sb\u00edrky map a&nbsp;pl\u00e1n\u016f, pohlednic a&nbsp;podobn\u011b.<\/p>\n\n\n\n<p id=\"archivni_pomucky\"><strong>Archivn\u00ed pom\u016fcky<\/strong> jsou n\u00e1stroje, kter\u00e9 vznikaj\u00ed p\u0159i zpracov\u00e1n\u00ed archiv\u00e1li\u00ed a slou\u017e\u00ed pro orientaci v archiv\u00e1li\u00edch, jejich \u010dasov\u00e9m rozsahu, usnad\u0148uj\u00ed jejich porozum\u011bn\u00ed a seznamuj\u00ed badatele s jejich administrativn\u00edm a odborn\u00fdm kontextem.<\/p>\n\n\n\n<p id=\"archivni_pomucky\"><strong>Kulturn\u011b v\u011bdeck\u00e1 instituce<\/strong> je instituce, kter\u00e1 vlastn\u00ed nebo spravuje archiv\u00e1lie na z\u00e1klad\u011b sv\u00e9 sb\u00edrkotvorn\u00e9 \u010dinnosti, nen\u00ed v\u0161ak archivem. Jde o muzea, knihovny, pam\u00e1tn\u00edky, galerie, pracovi\u0161t\u011b Akademie v\u011bd \u010cesk\u00e9 republiky, n\u011bkter\u00e9 vysok\u00e9 \u0161koly apod.<br><br><strong>P\u016fvodci<\/strong> jsou fyzick\u00e9 nebo pr\u00e1vnick\u00e9 osoby nebo skupiny osob vystupuj\u00edc\u00ed pod stejn\u00fdm n\u00e1zvem (korporace, rod), kter\u00e9 vytvo\u0159ily nebo p\u0159ijaly v&nbsp;r\u00e1mci sv\u00e9 \u010dinnosti dokumenty. Z t\u011bchto dokument\u016f, pokud byly vybr\u00e1ny za archiv\u00e1lie, jsou vytvo\u0159eny archivn\u00ed fondy. Vztah p\u016fvodce k&nbsp;archiv\u00e1lii se naz\u00fdv\u00e1 provenience. Mezi&nbsp;p\u016fvodce archivn\u00edch fond\u016f pat\u0159\u00ed nap\u0159\u00edklad jednotliv\u00e9 \u00fa\u0159ady, org\u00e1ny ve\u0159ejn\u00e9 spr\u00e1vy, soudy, firmy,&nbsp;spolky a&nbsp;v\u00fdznamn\u00e9 osobnosti. P\u016fvodce se uv\u00e1d\u00ed i u archivn\u00edch sb\u00edrek \u2013 tam je j\u00edm tv\u016frce sb\u00edrky.&nbsp;<\/p>\n\n\n\n<p class=\"has-text-align-right\"><a href=\"\/cro\/pro-badatele\/\">&#8230; Archiv\u00e1lie na dosah &#8211; \u00favod<\/a><\/p>\n","protected":false},"excerpt":{"rendered":"&#8230; Archiv\u00e1lie na dosah &#8211; \u00favod Archiv je instituce, kter\u00e1 slou\u017e\u00ed k ukl\u00e1d\u00e1n\u00ed archiv\u00e1li\u00ed a p\u00e9\u010di o n\u011b a kter\u00e1 disponuje akreditac\u00ed vydanou Ministerstvem vnitra nebo je z\u0159\u00edzena z\u00e1konem \u010d. 499\/2004 Sb., o archivnictv\u00ed a spisov\u00e9 slu\u017eb\u011b a o zm\u011bn\u011b n\u011bkter\u00fdch z\u00e1kon\u016f. Archiv\u00e1lie jsou dokumenty, kter\u00e9 byly vzhledem k dob\u011b vzniku, obsahu, p\u016fvodu, vn\u011bj\u0161\u00edm znak\u016fm [&hellip;]","protected":false},"author":3,"featured_media":0,"parent":0,"menu_order":0,"comment_status":"closed","ping_status":"closed","template":"page-templates\/page-container.php","meta":[],"_links":{"self":[{"href":"https:\/\/portal.nacr.cz\/cro\/wp-json\/wp\/v2\/pages\/1164"}],"collection":[{"href":"https:\/\/portal.nacr.cz\/cro\/wp-json\/wp\/v2\/pages"}],"about":[{"href":"https:\/\/portal.nacr.cz\/cro\/wp-json\/wp\/v2\/types\/page"}],"author":[{"embeddable":true,"href":"https:\/\/portal.nacr.cz\/cro\/wp-json\/wp\/v2\/users\/3"}],"replies":[{"embeddable":true,"href":"https:\/\/portal.nacr.cz\/cro\/wp-json\/wp\/v2\/comments?post=1164"}],"version-history":[{"count":2,"href":"https:\/\/portal.nacr.cz\/cro\/wp-json\/wp\/v2\/pages\/1164\/revisions"}],"predecessor-version":[{"id":1193,"href":"https:\/\/portal.nacr.cz\/cro\/wp-json\/wp\/v2\/pages\/1164\/revisions\/1193"}],"wp:attachment":[{"href":"https:\/\/portal.nacr.cz\/cro\/wp-json\/wp\/v2\/media?parent=1164"}],"curies":[{"name":"wp","href":"https:\/\/api.w.org\/{rel}","templated":true}]}}