{"id":1175,"date":"2023-08-15T10:23:29","date_gmt":"2023-08-15T08:23:29","guid":{"rendered":"https:\/\/portal.nacr.cz\/cro\/?page_id=1175"},"modified":"2024-05-03T16:55:29","modified_gmt":"2024-05-03T14:55:29","slug":"co-a-jak-hledat","status":"publish","type":"page","link":"https:\/\/portal.nacr.cz\/cro\/pro-badatele\/co-a-jak-hledat\/","title":{"rendered":"Co a jak hledat"},"content":{"rendered":"\n<p><\/p>\n\n\n\n<p>Na <a href=\"\/cro\/pro-badatele\/\">vstupn\u00ed str\u00e1nce<\/a>&nbsp;z\u00edsk\u00e1te p\u0159ehled v\u0161ech archiv\u016f a kulturn\u011b v\u011bdeck\u00fdch instituc\u00edch (muzea, knihovny, galerie, pracovi\u0161t\u011b Akademie v\u011bd \u010cR, vysok\u00e9 \u0161koly), kter\u00e9 spravuj\u00ed archiv\u00e1lie, odkazy na webov\u00e9 str\u00e1nky archiv\u016f a tak\u00e9 odkazy na jejich v\u00fdznamn\u00e9 digitaliza\u010dn\u00ed projekty.<\/p>\n\n\n\n<p>Ze&nbsp;vstupn\u00ed str\u00e1nky je tak\u00e9 mo\u017en\u00e9 vyhled\u00e1vat v&nbsp;\u00fast\u0159edn\u00ed evidenci N\u00e1rodn\u00edho archivn\u00edho d\u011bdictv\u00ed \u010cesk\u00e9 republiky, kter\u00e1 obsahuje \u00fadaje o&nbsp;archivn\u00edch souborech, archivn\u00edch pom\u016fck\u00e1ch k nim, archivech, v&nbsp;nich\u017e jsou ulo\u017eeny, a o p\u016fvodc\u00edch, kte\u0159\u00ed archivn\u00ed fondy vytvo\u0159ili. P\u0159edpokl\u00e1d\u00e1 se, \u017ee v&nbsp;budoucnu bude postupn\u011b dopl\u0148ov\u00e1n obsah archivn\u00edch pom\u016fcek (popis jednotliv\u00fdch archiv\u00e1li\u00ed a jejich skupin). Jsou zde \u00fadaje o archivn\u00edch souborech ze v\u0161ech archiv\u016f \u010cesk\u00e9 republiky, kulturn\u011b v\u011bdeck\u00fdch instituc\u00ed i soukrom\u00fdch osob (archiv\u00e1lie ulo\u017een\u00e9 mimo archivy) s&nbsp;v\u00fdjimkou bezpe\u010dnostn\u00edch archiv\u016f.<\/p>\n\n\n\n<hr class=\"wp-block-separator\"\/>\n\n\n\n<h4 class=\"has-background\" style=\"background-color:#eef7ff\"><strong>Vyhled\u00e1v\u00e1n\u00ed v \u00fast\u0159edn\u00ed evidenci N\u00e1rodn\u00edho archivn\u00edho d\u011bdictv\u00ed<\/strong><\/h4>\n\n\n\n<p>Zadejte do vyhled\u00e1vac\u00edho pole slovo, skupinu slov nebo zkratku. Z\u00edsk\u00e1te z\u00e1znamy o archivn\u00edch souborech, archivn\u00edch pom\u016fck\u00e1ch, p\u016fvodc\u00edch a archivech. N\u00e1sledn\u011b omezte v\u00fdsledky volbou, ve kter\u00e9 \u010d\u00e1sti evidence chcete hledat. Pokud vyhled\u00e1v\u00e1n\u00ed je\u0161t\u011b p\u0159\u00edli\u0161 neovl\u00e1d\u00e1te nebo neovl\u00e1d\u00e1te dob\u0159e \u010desk\u00fd jazyk (ani nem\u00e1te k dispozici p\u0159eklada\u010d), doporu\u010dujeme vyhled\u00e1vat d\u00e1le pouze v&nbsp;\u010d\u00e1sti \u201eArchivn\u00ed soubory\u201c.<\/p>\n\n\n\n<figure class=\"wp-block-image size-full is-resized\"><img loading=\"lazy\" src=\"https:\/\/portaltest.nacr.cz\/cro\/wp-content\/uploads\/2023\/07\/01_Vyhled_001.png\" alt=\"\" class=\"wp-image-905\" width=\"702\" height=\"512\"\/><\/figure>\n\n\n\n<h4><strong>Vyhled\u00e1v\u00e1n\u00ed v&nbsp;archivn\u00edch souborech<\/strong><\/h4>\n\n\n\n<p>Hledat lze podle n\u00e1zvu archivn\u00edho souboru, archivu, kter\u00fd o archiv\u00e1lie pe\u010duje, zna\u010dky archivn\u00edho souboru, p\u016fvodce, kter\u00fd archiv\u00e1lie vytvo\u0159il, skupin tematick\u00e9 evidence a datace vzniku archiv\u00e1li\u00ed.<\/p>\n\n\n\n<figure class=\"wp-block-image size-full is-resized is-style-default\"><img loading=\"lazy\" src=\"https:\/\/portaltest.nacr.cz\/cro\/wp-content\/uploads\/2023\/07\/01_Vyhled_002.png\" alt=\"\" class=\"wp-image-907\" width=\"708\" height=\"575\"\/><\/figure>\n\n\n\n<h4><strong>Vyhled\u00e1v\u00e1n\u00ed v&nbsp;archivn\u00edch pom\u016fck\u00e1ch<\/strong><\/h4>\n\n\n\n<p>Hledat lze podle n\u00e1zvu archivn\u00ed pom\u016fcky, archivu a n\u00e1zvu archivn\u00edho souboru.<\/p>\n\n\n\n<h4><strong>Vyhled\u00e1v\u00e1n\u00ed v&nbsp;seznamu p\u016fvodc\u016f<\/strong><\/h4>\n\n\n\n<p>Hledat lze podle n\u00e1zvu (jm\u00e9na) p\u016fvodce. Vyhled\u00e1v\u00e1n\u00ed lze d\u00e1le omezit podle typu entity (korporace, rody, osoby, ud\u00e1losti), p\u0159\u00edpadn\u011b podle podt\u0159\u00eddy entity.<\/p>\n\n\n\n<h4><strong>Vyhled\u00e1v\u00e1n\u00ed v&nbsp;archivech<\/strong><\/h4>\n\n\n\n<p>Hled\u00e1 se podle slova v&nbsp;n\u00e1zvu archivu nebo kulturn\u011b v\u011bdeck\u00e9 instituce.<\/p>\n\n\n\n<h4 class=\"has-background\" style=\"background-color:#eef7ff\"><strong>Str\u00e1nky s v\u00fdsledky<\/strong><\/h4>\n\n\n\n<p>Kliknut\u00edm na n\u00e1zev archivn\u00edho souboru se zp\u0159\u00edstupn\u00ed n\u00e1sleduj\u00edc\u00ed \u00fadaje o archivn\u00edm souboru:<\/p>\n\n\n\n<ul><li><strong>N\u00e1zev fondu (sb\u00edrky)<\/strong> &#8211; \u010desk\u00e9 n\u00e1zvy, v&nbsp;p\u0159\u00edpad\u011b archivn\u00edch fond\u016f vych\u00e1zej\u00ed zpravidla z&nbsp; \u00fa\u0159edn\u00edho nebo jinak b\u011b\u017en\u011b u\u017e\u00edvan\u00e9ho n\u00e1zvu sv\u00e9ho p\u016fvodce.<\/li><li><strong>Datace vzniku<\/strong> \u2013 je uvedena doln\u00ed (star\u0161\u00ed) a&nbsp;horn\u00ed (mlad\u0161\u00ed) \u010dasov\u00e1 hranice archiv\u00e1li\u00ed, tedy obdob\u00ed, ze&nbsp;kter\u00e9ho poch\u00e1zej\u00ed archiv\u00e1lie zm\u00edn\u011bn\u00e9ho fondu. Rok v&nbsp;hranat\u00fdch z\u00e1vork\u00e1ch zna\u010d\u00ed odhad. V&nbsp;kulat\u00fdch z\u00e1vork\u00e1ch jsou uvedeny roky, kter\u00e9 s&nbsp;archivn\u00edm souborem souvisej\u00ed, ale p\u0159ekra\u010duj\u00ed dobu existence p\u016fvodce archivn\u00edho fondu. V\u00fdsledky lze omezit p\u0159\u00edm\u00fdm zad\u00e1n\u00edm datace vzniku nebo prost\u0159ednictv\u00edm \u010dasov\u00e9 osy:<\/li><\/ul>\n\n\n\n<div class=\"wp-block-image is-style-default\"><figure class=\"aligncenter size-large\"><img src=\"https:\/\/portaltest.nacr.cz\/cro\/wp-content\/uploads\/2023\/07\/01_Vyhled_003.png\" alt=\"\" class=\"wp-image-909\"\/><\/figure><\/div>\n\n\n\n<ul><li><strong>Zna\u010dka archivn\u00edho souboru<\/strong> \u2013 zkr\u00e1cen\u00e9 ozna\u010den\u00ed archivn\u00edho souboru obvykle u\u017e\u00edvan\u00e9 pro jeho citaci a p\u0159i komunikaci s&nbsp;archivem. Pou\u017e\u00edv\u00e1 se na obalech, kde jsou archiv\u00e1lie ulo\u017eeny (zpravidla archivn\u00ed krabice) .<\/li><li><strong>Instituce <\/strong>\u2013 uveden je n\u00e1zev archivu nebo kulturn\u011b v\u011bdeck\u00e9 instituce, ve kter\u00e9 je archivn\u00ed soubor ulo\u017een, nebo kter\u00e1 vede archiv\u00e1lie v evidenci.<\/li><li><strong>\u010c\u00edslo archivn\u00edho souboru<\/strong> \u2013 v&nbsp;r\u00e1mci instituce jednozna\u010dn\u00e9 eviden\u010dn\u00ed \u010d\u00edslo archivn\u00edho souboru, pop\u0159. jeho \u010d\u00e1sti (nap\u0159. 1251\/5).<\/li><li><strong>T\u00e9ma <\/strong>&#8211; informace o obsahu archivn\u00edho souboru, upozorn\u011bn\u00ed na jeho nejz\u00e1va\u017en\u011bj\u0161\u00ed \u010d\u00e1sti, agendy, pop\u0159\u00edpad\u011b nejcenn\u011bj\u0161\u00ed archiv\u00e1lie a z\u00e1kladn\u00ed typy archiv\u00e1li\u00ed, nap\u0159. typ \u00fa\u0159edn\u00edch knih. Tam, kde se hudebniny vykazuj\u00ed jako spisy, se vyskytuje \u00fadaj o v\u00fdskytu hudebnin. Tento \u00fadaj nemus\u00ed b\u00fdt vypln\u011bn u archivn\u00edch soubor\u016f archivn\u011b nezpracovan\u00fdch.<\/li><li><strong>Tematick\u00e1 skupina<\/strong> \u2013 <a rel=\"noreferrer noopener\" href=\"\/cro\/skupiny-tematicke-evidence\" target=\"_blank\"><strong>v\u00fdznamov\u011b nad\u0159azen\u00fd, obecn\u011bj\u0161\u00ed pojem<\/strong><\/a>, do kter\u00e9ho lze archivn\u00ed soubor za\u0159adit a do kter\u00e9ho se \u0159ad\u00ed dal\u0161\u00ed archivn\u00ed soubory t\u00e9ho\u017e typu podle spole\u010dn\u00fdch znak\u016f (nap\u0159. Velkostatky, Rodinn\u00e9 archivy, Podniky apod.). Archivn\u00ed soubor m\u016f\u017ee b\u00fdt za\u0159azen do jednoho nebo v\u00edce t\u011bchto skupin.<\/li><li><strong>Literatura<\/strong> \u2013 uv\u00e1d\u00ed se z\u00e1sadn\u00ed literatura o archivn\u00edm souboru (nap\u0159. pr\u016fvodce po archivech) nebo jeho p\u016fvodci apod.<\/li><li><strong>Edice<\/strong> \u2013 citace edic\u00ed archiv\u00e1li\u00ed z&nbsp;p\u0159\u00edslu\u0161n\u00e9ho archivn\u00edho souboru.<\/li><li><strong>Metr\u00e1\u017e<\/strong> &#8211; po\u010det tzv. b\u011b\u017en\u00fdch metr\u016f (bm) archiv\u00e1li\u00ed dan\u00e9ho archivn\u00edho souboru. Tento \u00fadaj vypov\u00edd\u00e1 o&nbsp;velikosti souboru a tak\u00e9 o tom, jak\u00e1 \u010d\u00e1st je zpracovan\u00e1 (m\u00e1 prozat\u00edmn\u00ed archivn\u00ed pom\u016fcku) nebo inventarizovan\u00e1 (m\u00e1 archivn\u00ed pom\u016fcku typu invent\u00e1\u0159 nebo katalog). Archiv\u00e1lie se v&nbsp;archivech m\u011b\u0159\u00ed na&nbsp;metry (pro p\u0159edstavu: jeden b\u011b\u017en\u00fd metr je asi 8 archivn\u00edch karton\u016f nebo 10 po\u0159ada\u010d\u016f). Celkov\u00e1 velikost archivn\u00edho souboru je sou\u010dtem nezpracovan\u00e9 a&nbsp;zpracovan\u00e9 metr\u00e1\u017ee. V&nbsp;p\u0159\u00edpad\u011b digit\u00e1ln\u00edch archiv\u00e1li\u00ed se uv\u00e1d\u00ed velikost v&nbsp;byte u p\u0159\u00edslu\u0161n\u00e9 eviden\u010dn\u00ed jednotky.<\/li><li><strong>Eviden\u010dn\u00ed jednotky <\/strong>\u2013 archivy vykazuj\u00ed archiv\u00e1lie v&nbsp;r\u00e1mci archivn\u00edho souboru pomoc\u00ed eviden\u010dn\u00edch jednotek, jejich\u017e p\u0159ehled a vysv\u011btlen\u00ed obsahuje <a rel=\"noreferrer noopener\" href=\"https:\/\/www.zakonyprolidi.cz\/cs\/2004-645#f2889712\" data-type=\"URL\" data-id=\"https:\/\/www.zakonyprolidi.cz\/cs\/2004-645#f2889712\" target=\"_blank\">p\u0159\u00edloha \u010d. 1 vyhl\u00e1\u0161ky 645\/2004 Sb.<\/a> Uv\u00e1d\u00ed se po\u010det kus\u016f p\u0159\u00edslu\u0161n\u00e9 eviden\u010dn\u00ed jednotky.<\/li><li><strong>\u010c\u00e1sti archivn\u00edho souboru v jin\u00fdch instituc\u00edch<\/strong> \u2013 v&nbsp;p\u0159\u00edpad\u011b, \u017ee jsou archiv\u00e1lie stejn\u00e9ho p\u016fvodce ulo\u017eeny i v&nbsp;jin\u00e9m archivu nebo kulturn\u011b v\u011bdeck\u00e9 instituci, uv\u00e1d\u00ed se informace o t\u011bchto archiv\u00e1li\u00edch resp. o p\u0159\u00edslu\u0161n\u00e9m archivu.<\/li><li><strong>Jazyk<\/strong> \u2013 v\u00fd\u010det jazyk\u016f pou\u017eit\u00fdch v archiv\u00e1li\u00edch p\u0159\u00edslu\u0161n\u00e9ho archivn\u00edho souboru.<\/li><li><strong>O p\u016fvodci<\/strong> \u2013 textov\u00fd p\u0159ehled p\u016fvodc\u016f archiv\u00e1li\u00ed (fyzick\u00e1 osoba, rod, korporace, do\u010dasn\u00e1 korporace, tj. ud\u00e1lost), z&nbsp;jejich\u017e \u010dinnosti archivn\u00ed fond vznikl; u archivn\u00edch sb\u00edrek je uv\u00e1d\u011bn jejich tv\u016frce, kter\u00fd sb\u00edrku vytvo\u0159il. Uv\u00e1d\u00ed se t\u00e9\u017e obdob\u00ed, kdy p\u016fvodce existoval nebo p\u016fsobil.<\/li><li><strong>P\u016fvodce <\/strong>\u2013 \u00fadaje o p\u016fvodc\u00edch, jejich\u017e popis je v&nbsp;r\u00e1mci centr\u00e1ln\u00ed evidence harmonizov\u00e1n a lze na z\u00e1klad\u011b nich vyhled\u00e1vat jinak, ne\u017e textov\u011b.<\/li><li><strong>M\u00edsta vzniku <\/strong>&#8211; uvedena jsou m\u00edsta vzniku archivn\u00edho souboru, obvykle s\u00eddlo p\u016fvodce. Tento \u00fadaj nemus\u00ed b\u00fdt uveden u&nbsp;osobn\u00edch fond\u016f a&nbsp;sb\u00edrek vznikl\u00fdch p\u0159\u00edmo v&nbsp;p\u0159\u00edslu\u0161n\u00e9 instituci pe\u010duj\u00edc\u00ed o archiv\u00e1lie.<\/li><li><strong>Stav zachov\u00e1n\u00ed<\/strong> \u2013 \u00fadaj indikuje, v&nbsp;jak\u00e9m rozsahu se archiv\u00e1lie dochovaly (\u00fapln\u011b, mezerovit\u011b, torzovit\u011b) a tak\u00e9 jejich fyzick\u00fd stav, pop\u0159. s&nbsp;dopln\u011bn\u00edm, o jak\u00e9 po\u0161kozen\u00ed se jedn\u00e1 &#8211; charakter po\u0161kozen\u00ed (nap\u0159. po\u0161kozen\u00fd hlodavci, k\u0159ehk\u00e9, povode\u0148).<\/li><li><strong>Eviden\u010dn\u00ed status<\/strong> \u2013 v&nbsp;n\u011bkter\u00fdch p\u0159\u00edpadech mohou b\u00fdt archiv\u00e1lie ulo\u017eeny v&nbsp;instituci na z\u00e1klad\u011b smlouvy o ulo\u017een\u00ed nebo jsou ulo\u017eeny mimo archiv (nap\u0159. v&nbsp;soukrom\u00e9m dr\u017een\u00ed). V&nbsp;t\u011bchto p\u0159\u00edpadech m\u016f\u017ee b\u00fdt nahl\u00ed\u017een\u00ed do archiv\u00e1li\u00ed odep\u0159eno nebo umo\u017en\u011bno po spln\u011bn\u00ed zvl\u00e1\u0161tn\u00edch podm\u00ednek.<\/li><li><strong>P\u0159\u00edstupnost<\/strong> &#8211; \u00fadaj vypl\u00fdv\u00e1 z&nbsp;existence archivn\u00ed pom\u016fcky a tedy p\u0159\u00edstupnosti pro badatele (p\u0159\u00edstupn\u00fd, \u010d\u00e1ste\u010dn\u011b p\u0159\u00edstupn\u00fd, nep\u0159\u00edstupn\u00fd). Jde jen o orienta\u010dn\u00ed \u00fadaj. Faktickou p\u0159\u00edstupnost (stav zpracov\u00e1n\u00ed) je t\u0159eba konzultovat s p\u0159\u00edslu\u0161n\u00fdm archivem nebo kulturn\u011b v\u011bdeckou instituc\u00ed.<\/li><li><strong>Archivn\u00ed pom\u016fcka<\/strong> &#8211; je uvedena citace archivn\u00ed pom\u016fcky, tedy r\u016fzn\u011b podrobn\u00e9ho popisu archivn\u00edho souboru. Kliknut\u00edm na n\u00e1zev archivn\u00ed pom\u016fcky lze z\u00edskat podrobn\u011bj\u0161\u00ed informace. V&nbsp;p\u0159\u00edpad\u011b, \u017ee je archivn\u00ed pom\u016fcka uvedena jako elektronick\u00e1, lze doporu\u010dit nav\u0161t\u00edvit internetov\u00e9 str\u00e1nky p\u0159\u00edslu\u0161n\u00e9ho archivu (viz \u00favodn\u00ed str\u00e1nka).<\/li><\/ul>\n\n\n\n<p><strong>Podrobn\u011bj\u0161\u00ed informace o&nbsp;p\u0159\u00edslu\u0161n\u00e9m archivn\u00edm souboru v\u00e1m m\u016f\u017ee poskytnout pouze instituce, kter\u00e1 o n\u011bj pe\u010duje, vede ho ve sv\u00e9 evidenci a ve&nbsp;kter\u00e9 je zpravidla ulo\u017een.<\/strong><\/p>\n\n\n\n<hr class=\"wp-block-separator\"\/>\n\n\n\n<p><\/p>\n\n\n\n<p><\/p>\n","protected":false},"excerpt":{"rendered":"Na vstupn\u00ed str\u00e1nce&nbsp;z\u00edsk\u00e1te p\u0159ehled v\u0161ech archiv\u016f a kulturn\u011b v\u011bdeck\u00fdch instituc\u00edch (muzea, knihovny, galerie, pracovi\u0161t\u011b Akademie v\u011bd \u010cR, vysok\u00e9 \u0161koly), kter\u00e9 spravuj\u00ed archiv\u00e1lie, odkazy na webov\u00e9 str\u00e1nky archiv\u016f a tak\u00e9 odkazy na jejich v\u00fdznamn\u00e9 digitaliza\u010dn\u00ed projekty. Ze&nbsp;vstupn\u00ed str\u00e1nky je tak\u00e9 mo\u017en\u00e9 vyhled\u00e1vat v&nbsp;\u00fast\u0159edn\u00ed evidenci N\u00e1rodn\u00edho archivn\u00edho d\u011bdictv\u00ed \u010cesk\u00e9 republiky, kter\u00e1 obsahuje \u00fadaje o&nbsp;archivn\u00edch souborech, archivn\u00edch pom\u016fck\u00e1ch [&hellip;]","protected":false},"author":3,"featured_media":0,"parent":77,"menu_order":0,"comment_status":"closed","ping_status":"closed","template":"page-templates\/page-container.php","meta":[],"_links":{"self":[{"href":"https:\/\/portal.nacr.cz\/cro\/wp-json\/wp\/v2\/pages\/1175"}],"collection":[{"href":"https:\/\/portal.nacr.cz\/cro\/wp-json\/wp\/v2\/pages"}],"about":[{"href":"https:\/\/portal.nacr.cz\/cro\/wp-json\/wp\/v2\/types\/page"}],"author":[{"embeddable":true,"href":"https:\/\/portal.nacr.cz\/cro\/wp-json\/wp\/v2\/users\/3"}],"replies":[{"embeddable":true,"href":"https:\/\/portal.nacr.cz\/cro\/wp-json\/wp\/v2\/comments?post=1175"}],"version-history":[{"count":4,"href":"https:\/\/portal.nacr.cz\/cro\/wp-json\/wp\/v2\/pages\/1175\/revisions"}],"predecessor-version":[{"id":1374,"href":"https:\/\/portal.nacr.cz\/cro\/wp-json\/wp\/v2\/pages\/1175\/revisions\/1374"}],"up":[{"embeddable":true,"href":"https:\/\/portal.nacr.cz\/cro\/wp-json\/wp\/v2\/pages\/77"}],"wp:attachment":[{"href":"https:\/\/portal.nacr.cz\/cro\/wp-json\/wp\/v2\/media?parent=1175"}],"curies":[{"name":"wp","href":"https:\/\/api.w.org\/{rel}","templated":true}]}}