{"id":1378,"date":"2024-08-28T13:31:54","date_gmt":"2024-08-28T11:31:54","guid":{"rendered":"https:\/\/portal.nacr.cz\/cro\/?page_id=1378"},"modified":"2024-08-28T13:31:54","modified_gmt":"2024-08-28T11:31:54","slug":"nda-iii","status":"publish","type":"page","link":"https:\/\/portal.nacr.cz\/cro\/nda-iii\/","title":{"rendered":"NDA III"},"content":{"rendered":"\n<p><strong>Projekt NDA III<\/strong>&nbsp;m\u00e1 za c\u00edl po\u0159\u00edzen\u00ed a&nbsp;implementaci nov\u00e9ho komplexn\u00edho informa\u010dn\u00edho syst\u00e9mu pro dlouhodob\u00e9 uchov\u00e1v\u00e1n\u00ed digit\u00e1ln\u00edch dokument\u016f a&nbsp;soubor\u016f N\u00e1rodn\u00edho archivu \u2013 informa\u010dn\u00edho syst\u00e9mu N\u00e1rodn\u00ed digit\u00e1ln\u00ed archiv II \u2013 v\u010detn\u011b relevantn\u00edho hardware,&nbsp;standardn\u00edho platformn\u00edho software a&nbsp;\u00falo\u017en\u00e9 kapacity.<\/p>\n\n\n\n<p>Dlouhodob\u00e1 p\u00e9\u010de o&nbsp;digit\u00e1ln\u00ed dokumenty je probl\u00e9mem, kter\u00fd nelze zabezpe\u010dit pouze technick\u00fdmi opat\u0159en\u00edmi (nap\u0159.&nbsp;z\u00e1lohov\u00e1n\u00edm), ale je t\u0159eba komplexn\u00edho \u0159e\u0161en\u00ed zahrnuj\u00edc\u00edho ot\u00e1zky technick\u00e9, organiza\u010dn\u00ed,&nbsp;pr\u00e1vn\u00ed a&nbsp;zejm\u00e9na metodick\u00e9 (popis a&nbsp;struktura dokument\u016f). K&nbsp;zaji\u0161t\u011bn\u00ed odborn\u00e9 spr\u00e1vy a&nbsp;podpory jak pro&nbsp;p\u016fvodce, archivy, ale tak\u00e9 pro badatele, mus\u00ed N\u00e1rodn\u00ed archiv disponovat takov\u00fdmi technick\u00fdmi prost\u0159edky pro&nbsp;p\u00e9\u010di o&nbsp;digit\u00e1ln\u00ed archiv\u00e1lie, kter\u00e9 zabezpe\u010d\u00ed \u0159\u00edzen\u00ed p\u0159\u00edstupu k&nbsp;dan\u00fdm archiv\u00e1li\u00edm, zajist\u00ed pot\u0159ebnou dostupnost i&nbsp;ochranu p\u0159ed neopr\u00e1vn\u011bn\u00fdm p\u0159\u00edstupem. St\u00e1vaj\u00edc\u00ed technick\u00e9 \u0159e\u0161en\u00ed spr\u00e1vy a&nbsp;uchov\u00e1v\u00e1n\u00ed digit\u00e1ln\u00edch dokument\u016f p\u0159est\u00e1v\u00e1 napl\u0148ovat po\u017eadavky na&nbsp;kvalitn\u00ed \u0159\u00edzen\u00ed a&nbsp;spr\u00e1vu digit\u00e1ln\u00edch archiv\u00e1li\u00ed, a&nbsp;to v&nbsp;jejich datov\u00fdch form\u00e1tech \u010di&nbsp;v&nbsp;oblasti p\u0159ed\u00e1v\u00e1n\u00ed digit\u00e1ln\u00edch archiv\u00e1li\u00ed mezi jednotliv\u00fdmi spr\u00e1vci.<\/p>\n\n\n\n<p>Proto N\u00e1rodn\u00ed archiv p\u0159istoupil k&nbsp;realizaci tohoto projektu, v&nbsp;jeho\u017e r\u00e1mci bude vybudov\u00e1n nov\u00fd bezpe\u010dn\u00fd komplexn\u00ed informa\u010dn\u00ed syst\u00e9m pro dlouhodob\u00e9 uchov\u00e1v\u00e1n\u00ed digit\u00e1ln\u00edch dokument\u016f a&nbsp;soubor\u016f N\u00e1rodn\u00edho archivu, kter\u00fd v\u00fdznamn\u011b zefektivn\u00ed a&nbsp;zautomatizuje p\u00e9\u010di o&nbsp;digitalizovan\u00e9 dokumenty, a&nbsp;to od jejich p\u0159\u00edjmu, p\u0159es spr\u00e1vu a&nbsp;zaji\u0161t\u011bn\u00ed \u010ditelnosti a&nbsp;neporu\u0161enosti a\u017e po&nbsp;jejich poskytnut\u00ed k&nbsp;badatelsk\u00fdm \u00fa\u010del\u016fm. Umo\u017en\u00ed rovn\u011b\u017e p\u0159eb\u00edr\u00e1n\u00ed i&nbsp;p\u0159ed\u00e1v\u00e1n\u00ed datov\u00fdch sad (digitalizovan\u00e9 archiv\u00e1lie) mezi jednotliv\u00fdmi archivy v\u010detn\u011b \u0159\u00e1dn\u00e9 evidence. Nov\u00fd&nbsp;<strong>IS NDA II<\/strong>&nbsp;bude spl\u0148ovat nejen n\u00e1rodn\u00ed legislativu, ale i&nbsp;mezin\u00e1rodn\u00ed normy v&nbsp;oblasti archivnictv\u00ed a&nbsp;spr\u00e1vy digit\u00e1ln\u00edch archiv\u00e1li\u00ed, bude integrov\u00e1n s&nbsp;dal\u0161\u00edmi provozovan\u00fdmi informa\u010dn\u00edmi syst\u00e9my N\u00e1rodn\u00edho archivu a&nbsp;bude vyu\u017e\u00edvat sd\u00edlen\u00e9 slu\u017eby eGovernmentu. IS NDA II zajist\u00ed ucelenou informa\u010dn\u00ed podporu pro&nbsp;v\u0161echny kategorie u\u017eivatel\u016f. Celkov\u00e9 \u0159e\u0161en\u00ed bude opat\u0159eno technick\u00fdmi komponentami, kter\u00e9 zajist\u00ed vy\u0161\u0161\u00ed m\u00edru bezpe\u010dnosti a&nbsp;\u0159\u00edzen\u00ed p\u0159\u00edstupu k&nbsp;digitalizovan\u00fdm archiv\u00e1li\u00edm, a&nbsp;tak\u00e9 bude pos\u00edlena kybernetick\u00e1 bezpe\u010dnost N\u00e1rodn\u00edho archivu.<\/p>\n","protected":false},"excerpt":{"rendered":"Projekt NDA III&nbsp;m\u00e1 za c\u00edl po\u0159\u00edzen\u00ed a&nbsp;implementaci nov\u00e9ho komplexn\u00edho informa\u010dn\u00edho syst\u00e9mu pro dlouhodob\u00e9 uchov\u00e1v\u00e1n\u00ed digit\u00e1ln\u00edch dokument\u016f a&nbsp;soubor\u016f N\u00e1rodn\u00edho archivu \u2013 informa\u010dn\u00edho syst\u00e9mu N\u00e1rodn\u00ed digit\u00e1ln\u00ed archiv II \u2013 v\u010detn\u011b relevantn\u00edho hardware,&nbsp;standardn\u00edho platformn\u00edho software a&nbsp;\u00falo\u017en\u00e9 kapacity. Dlouhodob\u00e1 p\u00e9\u010de o&nbsp;digit\u00e1ln\u00ed dokumenty je probl\u00e9mem, kter\u00fd nelze zabezpe\u010dit pouze technick\u00fdmi opat\u0159en\u00edmi (nap\u0159.&nbsp;z\u00e1lohov\u00e1n\u00edm), ale je t\u0159eba komplexn\u00edho \u0159e\u0161en\u00ed zahrnuj\u00edc\u00edho ot\u00e1zky technick\u00e9, [&hellip;]","protected":false},"author":3,"featured_media":0,"parent":0,"menu_order":0,"comment_status":"closed","ping_status":"closed","template":"page-templates\/page-container.php","meta":[],"_links":{"self":[{"href":"https:\/\/portal.nacr.cz\/cro\/wp-json\/wp\/v2\/pages\/1378"}],"collection":[{"href":"https:\/\/portal.nacr.cz\/cro\/wp-json\/wp\/v2\/pages"}],"about":[{"href":"https:\/\/portal.nacr.cz\/cro\/wp-json\/wp\/v2\/types\/page"}],"author":[{"embeddable":true,"href":"https:\/\/portal.nacr.cz\/cro\/wp-json\/wp\/v2\/users\/3"}],"replies":[{"embeddable":true,"href":"https:\/\/portal.nacr.cz\/cro\/wp-json\/wp\/v2\/comments?post=1378"}],"version-history":[{"count":1,"href":"https:\/\/portal.nacr.cz\/cro\/wp-json\/wp\/v2\/pages\/1378\/revisions"}],"predecessor-version":[{"id":1379,"href":"https:\/\/portal.nacr.cz\/cro\/wp-json\/wp\/v2\/pages\/1378\/revisions\/1379"}],"wp:attachment":[{"href":"https:\/\/portal.nacr.cz\/cro\/wp-json\/wp\/v2\/media?parent=1378"}],"curies":[{"name":"wp","href":"https:\/\/api.w.org\/{rel}","templated":true}]}}